= -3*a. What is the tens digit of 76/((-2)/6*(a + 6))?
1
Let q = -10851 - -19247. What is the hundreds digit of q?
3
Let f = -276 + 752. Let a = 1344 - f. What is the tens digit of a?
6
Let y be (-70)/49 + 1 + 4488/(-14). Let j = y + 837. What is the tens digit of j?
1
What is the thousands digit of (81116/(-6) - 0)*(-19 + 28 + -12)?
0
Let t = -212 - -209. What is the units digit of (-2 + (-15)/t)*(-420)/(-18)?
0
Let x(l) be the second derivative of l**5/4 - 5*l**4/4 + 5*l**3/2 - 5*l**2 - 123*l. What is the tens digit of x(6)?
2
Let n = -52 + 97. Suppose -5*w + n = -14*w. Let j = 56 + w. What is the tens digit of j?
5
Suppose -t = -4*f + 5, 5 + 4 = -3*f + 5*t. What is the hundreds digit of (0 - f/(4/55))*-6?
1
Suppose 0 = -4*d - 16, -11 - 57 = 4*k + 2*d. Let u(y) = -13*y - 21. What is the hundreds digit of u(k)?
1
Suppose 0 = 3*x + 108 + 9. Let l be 36/(-342) - (-1860)/(-19) - 6. Let h = x - l. What is the tens digit of h?
6
Suppose -262*s + 261*s = 5*q - 9091, -7267 = -4*q + 5*s. What is the thousands digit of q?
1
Let z(x) = 4*x**3 + 402*x**2 + 156*x - 5. What is the units digit of z(-100)?
5
Suppose -34*g - 38*g + 19*g = -359817. What is the units digit of g?
9
Suppose -73562*d + 73521*d + 1134019 = 0. What is the hundreds digit of d?
6
Let y = -2 + 3. Let c be (-3)/(90/228) + (-12)/30. What is the tens digit of 15 - c/(y - -3)?
1
Let u = -587 + 616. Suppose -u*c + 9198 = 3166. What is the hundreds digit of c?
2
Let w(c) = -7*c**2 - 4*c + 7*c + 3*c**3 - 177 + 116. What is the tens digit of w(7)?
4
Let q(v) = -26*v**3 - 5*v**2 - 4*v + 2. Let n be q(-2). Suppose 0 = -18*m + 9*m + n. What is the units digit of m?
2
Suppose 942 = 5*r - 533. Let p = -457 - -461. Suppose -p*y + 612 = -2*w, -2*y + r = -3*w - 3. What is the hundreds digit of y?
1
Let u(o) = 8*o**2 - 57*o - 507. What is the tens digit of u(-10)?
6
Let a(h) = 15 + 15*h + 15*h + 12*h - 51*h + 50*h**2. What is the units digit of a(3)?
8
Let d(c) = -35*c**3 - 2*c**2 - 2. Suppose 3*p + 48 = 42. What is the tens digit of d(p)?
7
Suppose -100*p = -495068 - 1050032. What is the thousands digit of p?
5
Suppose -o - 5*k + 3375 = 0, 17*o + 3*k = 12*o + 16897. What is the hundreds digit of o?
3
Suppose 320 + 8 = 8*h. Let i = h + -38. Suppose -45 - i = -4*l. What is the tens digit of l?
1
Suppose -3*u + 1232*t - 1229*t + 14934 = 0, 2*u + 5*t = 9921. What is the units digit of u?
3
Let u be 19/2*(3 + -5). Let p = -47 - u. What is the tens digit of -7*((-96)/p)/(-2)?
1
Let f be -19*(0 - 1) - (-28 + 27). Suppose -f*i + 8*i = -10104. What is the hundreds digit of i?
8
Let c(r) be the first derivative of r**4/4 + r**3 + r**2 + 10*r - 2. Let u be c(-4). What is the tens digit of ((-264)/(-14))/((-4)/u)?
6
Suppose -4102818 = -141*z + 8411214. What is the units digit of z?
2
Let f(d) be the third derivative of d**5/60 + 3*d**4/4 + 26*d**3/3 + 21*d**2 - 3. What is the units digit of f(-19)?
1
Let s(q) be the first derivative of 31*q**3/3 - 9*q**2/2 - 18*q + 83. What is the thousands digit of s(-6)?
1
Let a(x) = -x**2 + 3*x + 36. Let k be a(8). Let f(h) = -168*h - 93. What is the hundreds digit of f(k)?
5
What is the units digit of -12*(-12 + -829 - 3)?
8
Let h = 102057 + -35410. What is the tens digit of h?
4
Let n(v) be the first derivative of 52*v**2 - 28*v - 8. Let t be n(-2). Let w = 439 + t. What is the units digit of w?
3
Let n(g) = -107*g + 1256. What is the hundreds digit of n(4)?
8
Suppose 98*g + 94109 = 386345. What is the thousands digit of g?
2
Suppose m - 857 = -4*f, -4*m - f = -2*m - 1721. Suppose 266*t - 269*t + m = 0. What is the units digit of t?
7
Let c(k) = -2*k**2 + 12*k + 17. Let g be c(16). Let w = 90 - g. What is the tens digit of w?
9
Suppose -338*y + 334*y - 52 = 0. Let i(g) = -g**3 - 4*g**2 + 20*g - 59. What is the tens digit of i(y)?
0
Suppose -4*x = -2*m - 7746, 3*m = 3*x - 3050 - 2767. Suppose v - 1283 = -2*z - 4*v, 3*z - 2*v - x = 0. What is the hundreds digit of z?
6
What is the ten thousands digit of (-4)/42 + (-47658872)/(-2226)?
2
Let w(y) be the first derivative of -y**3 + 41*y**2/2 - 13*y - 16. Suppose -3*s - 3 + 42 = 0. What is the tens digit of w(s)?
1
Let o = -34 + 41. Suppose -122 = -o*m + 88. Suppose 40 = 2*t + 3*z, -8 + m = 3*t - 5*z. What is the tens digit of t?
1
Let d = -44395 + 74043. What is the thousands digit of d?
9
Let c(g) = 2*g**3 - 19*g**2 + 348*g + 75. What is the tens digit of c(29)?
6
Let v = 26 - -13. Let s = v + -37. Suppose -211 = -3*i + s. What is the tens digit of i?
7
Let a(r) = 831*r + 671. What is the thousands digit of a(15)?
3
Suppose -21637277 = -140*n - 353*n. What is the hundreds digit of n?
8
Let b = -714 + 220. What is the tens digit of 1574*((-323)/b - (-4)/(-26))?
8
Let z = -267 - -275. Suppose h - 4*c - 56 = 0, -140 = -2*h + 9*c - z*c. What is the tens digit of h?
7
Suppose -7*c + 12*c - 3*k - 30 = 0, 0 = 4*c - 4*k - 32. Suppose -4*g - 1364 = -4*a, c*a + 22*g - 27*g - 1027 = 0. What is the hundreds digit of a?
3
Let r(d) = -d + 13. Let b be r(13). Suppose b = 5*v - 10*v + 15. Suppose v*u = -5*s + 29, -u + 3*s = -2*s - 3. What is the units digit of u?
8
Let k(m) = m**2 - 32*m - 36. Let a be k(-12). Let j = 1437 - a. What is the tens digit of j?
4
Let q(i) = 74*i**3 - 47*i**2 - 12*i + 3. What is the hundreds digit of q(3)?
5
Suppose -88 = -18*l + 10*l. Suppose 2*a = -x + l, a - 6 = -4*x + 3*x. Suppose 3*z - 155 = a*k, 3*z - z - 74 = -4*k. What is the units digit of z?
5
Let l(z) = 2*z**3 + 41*z**2 + 18*z - 393. What is the tens digit of l(15)?
5
Suppose -2*i = -4, 2*v - 44 = 4*v - 2*i. What is the units digit of v/(-15)*1164/8?
4
Let h = -1095 - -13490. What is the thousands digit of h?
2
Let c = 1017 - 281. Let r = c - -883. What is the hundreds digit of r?
6
Suppose -5*k - 4 = q - 7*k, -5*k = 5*q - 25. What is the hundreds digit of (-5202)/(-36)*q*1?
2
Let y be 182/(-8)*2*(1 - -9). Let l = y - -921. What is the units digit of l?
6
Let z = -2 - 2. Let l be 1*(z + (14 - 4)). Let o = l - -68. What is the units digit of o?
4
Suppose -6*p = -2*p - x - 1739, -4*p = -5*x - 1719. Let o = 368 + p. What is the hundreds digit of o?
8
Suppose 3*y - 7*y + 28 = 0. Suppose -2*o + 6 = -4*l - o, 3*l = -5*o + y. What is the tens digit of 31 - l*(1 + -3)?
2
Suppose -39*a + 45 = -34*a, 0 = 3*q + 3*a - 9720. What is the tens digit of q?
3
Suppose 0 = r - 3*t, -r + 0 - 1 = -4*t. Suppose -6 = 3*n - 4*s, s + 23 - 2 = -r*n. What is the units digit of (3*n/(-54))/(2/54)?
9
Let t = 487 - 460. Suppose t*z - 1063 = 26*z. What is the tens digit of z?
6
Let j = 163525 - 103660. What is the ten thousands digit of j?
5
Suppose 5*h - 3*v - 5327 = 0, -4*h - 17*v = -21*v - 4252. What is the tens digit of h?
6
Let n(o) = -4*o + 22. Let c be (19 - 1)/(-3) - 3. Let m be n(c). What is the units digit of m/2*(1 + 1)?
8
Let u be 1*(-1 + 3 - -5). Suppose u*l - 197 = 251. What is the units digit of l?
4
Suppose -1 = -13*k - 1. Suppose -2*r + 4*a = -r - 14, k = 2*a + 8. What is the hundreds digit of 109*(r/6*-6 - 1)?
1
Let i = 11724 + -3442. What is the units digit of i?
2
Let v(j) = -32*j**2 + 6*j - 47. Let x(c) = 59*c**2 - 11*c + 95. Let p(i) = -7*v(i) - 3*x(i). What is the thousands digit of p(6)?
1
Let m(l) = -487*l - 455. What is the units digit of m(-4)?
3
Let x(q) be the third derivative of -q**4/12 + 19*q**3/6 + 15*q**2. Let y be x(5). Let k(j) = 2*j**2 + 8*j - 18. What is the hundreds digit of k(y)?
2
Suppose 32*a - 39*a + 175 = 0. Suppose -a = 6*p - 565. What is the units digit of p?
0
Let y(j) = 4*j - 1. Let u be y(1). Suppose f + 2*t = -10, -t + u*t - 30 = 4*f. What is the tens digit of 4 - 24/3*f?
6
Let q(h) = -2*h**2 - 17*h + 9. Let p be q(-9). Suppose 985 = 5*c - 3*f, p = -4*c - 4*f - 0*f + 820. Let d = -25 + c. What is the hundreds digit of d?
1
Let a(h) = 26*h**2 + 305*h - 64. What is the units digit of a(-36)?
2
Suppose 35*k = 4*l + 31*k - 192432, k = 4*l - 192408. What is the ten thousands digit of l?
4
Suppose 0 = 2*o - 215 - 101. Suppose -g = a - 114, -a = 5*g - o + 44. Let s = a + 80. What is the units digit of s?
4
Let x be 3 - (12/30 - (-244)/(-10)). Suppose -28*f = -x*f + 2. What is the units digit of ((-240)/(-50))/(f/(-10))?
4
Let y be (-1)/((-980)/(-244) + -4). Let q = y - -17. What is the hundreds digit of (-4)/(-22) - (4524/q + 1)?
1
Suppos